s) = -s**2 + 2*s + 258. Give g(-15).
3
Let x(d) = 8*d + 154. Determine x(-17).
18
Let s(y) = y**2 - 49*y + 94. What is s(47)?
0
Let l(x) = x**3 - 5*x**2 - 6*x + 7. Give l(6).
7
Let j(b) = -b + 7. Give j(0).
7
Let f(n) = -4*n + 29. Give f(6).
5
Let d(o) = -53*o**2 - o. Give d(-1).
-52
Let o(s) = s**2 + 7*s - 9. Give o(-8).
-1
Let b(y) = 2*y**2 + y + 1. Give b(-2).
7
Let y(f) = -52*f - 151. Give y(-3).
5
Let n(u) = u**2 - 7. Calculate n(4).
9
Let l(x) = x**2 + 6*x - 5. Give l(-4).
-13
Let c(n) = n + 9. Determine c(-4).
5
Let i(d) = 39*d + 203. Give i(-5).
8
Let p(y) = -y**3 - 4*y**2 - 6*y - 1. Determine p(-2).
3
Let t(k) = -2*k**2 - 11*k + 3. Give t(-5).
8
Let j(c) = c**3 + 12*c**2 - 10*c + 6. Give j(-13).
-33
Let a(h) = h**3 + 3*h**2 - 2*h + 3. Calculate a(-3).
9
Let z(t) = 10*t - 94. Give z(9).
-4
Let r(f) = f**2 + 23*f - 71. What is r(-24)?
-47
Let z(a) = a**3 - 6*a**2 - 8*a + 15. Determine z(6).
-33
Let x(w) = 22*w - 292. Give x(13).
-6
Let b(a) = -5*a + 100. Calculate b(25).
-25
Let y(s) = -8*s - 10. Give y(-2).
6
Let v(x) = -5*x + 3. What is v(2)?
-7
Let k(v) = -v**3 - 4*v**2 - 2*v + 1. Calculate k(-4).
9
Let h(g) = 5*g + 207. Calculate h(-37).
22
Let m(q) = q**3 + 3*q**2 + 2*q + 6. What is m(-4)?
-18
Let n(o) = o**2 - 9*o + 21. Calculate n(4).
1
Let s(h) = -h**2 + 7*h - 8. Determine s(4).
4
Let f(n) = 3*n**3 + 17*n**2 - 8*n + 5. Calculate f(-6).
17
Let b(k) = -2*k + 6. What is b(1)?
4
Let a(x) = x - 4. Give a(-3).
-7
Let j(f) = -5*f**2 + 24*f - 80. What is j(4)?
-64
Let d(k) = -k**2 - 15*k - 35. Give d(-12).
1
Let y(l) = l**3 + 8*l**2 - 2*l - 5. Calculate y(-8).
11
Let j(i) = -23*i**3 - 10*i**2 - i + 1. Calculate j(-1).
15
Let r(j) = -j**3 - 10*j**2 + 3*j + 15. What is r(-10)?
-15
Let g(o) = -4*o - 10. Determine g(5).
-30
Let k(u) = 6*u + 17. Determine k(-4).
-7
Let n(g) = g**2 - 12*g + 32. Calculate n(4).
0
Let z(j) = j**2 - j - 22. What is z(0)?
-22
Let r(v) = -40*v + 536. Give r(13).
16
Let g(n) = n**3 - 12*n**2 - 10*n - 11. Give g(13).
28
Let d(c) = 20*c + 13. Calculate d(-4).
-67
Let o(x) = -x**3 + 6*x**2 + 3*x - 2. What is o(5)?
38
Let l(b) = 5*b + 12. Calculate l(-2).
2
Let o(h) = -2*h + 10. Calculate o(-4).
18
Let x(v) = 7*v - 60. Calculate x(8).
-4
Let b(h) = -h**2 - 17*h + 137. Determine b(6).
-1
Let p(f) = 18*f - 29. Determine p(11).
169
Let k(a) = -3*a + 15. Give k(-6).
33
Let n(u) = 147*u**3 + u**2 - 3*u + 2. What is n(1)?
147
Let f(p) = 15*p + 41. Calculate f(-2).
11
Let m(d) = d**3 + d**2 - 2*d - 18. Calculate m(0).
-18
Let i(q) = -3*q**2 + q. What is i(-1)?
-4
Let k(r) = 8*r**3 - r + 4. Determine k(2).
66
Let w(j) = j**2 - 23*j - 6. Determine w(23).
-6
Let m(j) = -j**3 + 4*j**2 - 2*j + 1. Calculate m(3).
4
Let h(l) = -4*l**3 - 3*l**2 + l - 6. Determine h(-3).
72
Let m(c) = -4*c + 4. Calculate m(-3).
16
Let y(c) = 15*c + 36. Calculate y(-15).
-189
Let i(x) = x**2 + 48*x + 207. Calculate i(-43).
-8
Let h(k) = -k**3 - 4*k**2 - 8*k - 3. Determine h(-5).
62
Let v(y) = y**2 - 3*y - 8. Determine v(7).
20
Let s(r) = -115*r**2 - r. What is s(1)?
-116
Let i(t) = 5*t**3 + 2*t**2 - 3. What is i(2)?
45
Let w(n) = n**3 - 30*n**2 + 216*n + 6. What is w(12)?
6
Let s(i) = -i**3 + 5*i**2 + 5*i + 5. Calculate s(7).
-58
Let a(r) = r**2 + 7*r + 4. Give a(-6).
-2
Let t(q) = q**2 - 24*q + 29. Determine t(23).
6
Let x(n) = -6*n + 9. Determine x(6).
-27
Let i(j) = 8*j + 4. Calculate i(-2).
-12
Let r(x) = x**3 + 3*x**2 - 11*x - 22. Determine r(-6).
-64
Let y(v) = 2*v**2 + 67*v - 99. Determine y(-35).
6
Let a(y) = -y**3 + y**2 - y - 5. What is a(-2)?
9
Let o(q) = -q**3 - 9*q**2 - q - 24. Calculate o(-9).
-15
Let b(j) = -j**3 + 13*j**2 + 16*j - 33. Give b(14).
-5
Let u(y) = 2*y**2 + 58*y + 318. Give u(-8).
-18
Let x(u) = -6*u**3 - 2*u**2 - 2*u - 3. Give x(-1).
3
Let o(f) = 15*f - 8. Calculate o(4).
52
Let a(q) = 17*q - 6. What is a(1)?
11
Let r(x) = -6*x + 69. Calculate r(12).
-3
Let l(r) = -r**3 + 32*r**2 + 8*r - 256. Calculate l(32).
0
Let k(s) = s**3 + 27*s**2 - 60*s - 63. What is k(-29)?
-5
Let r(o) = o**3 - 4*o**2 - 8*o + 14. Determine r(6).
38
Let r(i) = -i**3 + 8*i**2 + 11*i + 83. What is r(10)?
-7
Let m(y) = y**2 + 6*y - 2. What is m(-5)?
-7
Let k(u) = -u**2 - 11*u - 20. Calculate k(-7).
8
Let u(f) = -f**2 + 18*f - 8. Give u(14).
48
Let l(d) = 3*d**2 - 14*d + 19. What is l(3)?
4
Let a(v) = -v**3 + 8*v**2 + 6*v - 9. Give a(8).
39
Let k(l) = l**3 - 24*l**2 + 47*l + 39. What is k(22)?
105
Let t(w) = -3*w + 31. Give t(12).
-5
Let y(u) = u**3 + 44*u**2 + 82*u - 90. Give y(-42).
-6
Let l(z) = 2*z + 76. Calculate l(-13).
50
Let f(t) = t**2 + 12*t + 10. Give f(-15).
55
Let a(b) = -b**3 - 13*b**2 - 17*b - 6. Give a(-11).
-61
Let u(h) = -3*h - 11. Give u(-19).
46
Let g(f) = -f**2 - 3*f - 5. Determine g(0).
-5
Let o(v) = v - 29. Give o(0).
-29
Let n(u) = -u**2 - u + 110. What is n(-11)?
0
Let m(z) = 4*z + 48. Determine m(0).
48
Let d(c) = 18*c - 377. What is d(21)?
1
Let m(d) = 20*d - 2. What is m(-2)?
-42
Let l(p) = p**2 - 19*p + 34. What is l(17)?
0
Let y(j) = -4*j**2 - 48*j - 2. What is y(-12)?
-2
Let r(c) = -11*c - 43. Determine r(-7).
34
Let r(c) = 3*c**2 - 2*c + 3. Calculate r(4).
43
Let u(v) = v**3 + 6*v**2 - 3*v - 6. Determine u(-7).
-34
Let r(d) = -2*d - 19. What is r(-9)?
-1
Let s(u) = 3*u**2 + 3*u. Calculate s(-4).
36
Let g(b) = b**2 + 6*b - 43. Give g(5).
12
Let i(a) = -a**3 + 4*a**2 - 3*a + 3. Determine i(4).
-9
Let g(h) = 2*h**2 + 1. Determine g(-3).
19
Let x(n) = n**2 - 2*n. Determine x(6).
24
Let p(g) = 55*g - 56. What is p(1)?
-1
Let p(o) = o - 9. Calculate p(15).
6
Let h(b) = -2*b + 10. What is h(3)?
4
Let m(n) = -n**3 - 7*n**2 - 11*n + 3. Determine m(-5).
8
Let v(c) = 6*c**2 - 2*c - 3. Give v(3).
45
Let d(c) = 6*c**3 + 4*c**2 - 26*c - 49. What is d(-2)?
-29
Let c(g) = 27*g + 387. Determine c(-15).
-18
Let y(l) = -l - 9. Determine y(-11).
2
Let f(h) = -5*h**2 - 13*h - 14. Determine f(-7).
-168
Let k(s) = -18*s - 30. Determine k(-9).
132
Let x(t) = -3*t**3 - 3*t**2 + t + 1. Calculate x(1).
-4
Let g(u) = u**3 + 11*u**2 + u + 22. What is g(-11)?
11
Let r(p) = 2*p**2. Give r(6).
72
Let c(y) = 15*y**2 + y - 3. What is c(1)?
13
Let a(x) = -x**2 - x + 3. Determine a(-2).
1
Let o(v) = v**2 + 4*v - 7. What is o(-8)?
25
Let v(c) = c**3 - 2*c - 11. What is v(0)?
-11
Let j(t) = -t**2 + 4*t + 43. Give j(7).
22
Let l(s) = -3*s**2 + 134*s + 41. What is l(45)?
-4
Let q(v) = -2*v**3 - 18*v**2 + 14. Determine q(-9).
14
Let i(c) = -5*c + 75. Calculate i(19).
-20
Let p(y) = -y**3 + 18*y**2 + 19*y + 4. What is p(19)?
4
Let z(k) = k**3 + 7*k**2 + k + 23. Calculate z(-8).
-49
Let r(w) = 6*w - 72. Give r(15).
18
Let f(h) = -7*h - 37. Give f(-5).
-2
Let y(x) = -17*x + 7. Determine y(1).
-10
Let x(s) = s**3 + 13*s**2 + 20*s + 98. Give x(-12).
2
Let b(m) = -2*m**2 - 13*m + 8. Calculate b(-6).
14
Let t(r) = -20*r - 358. Calculate t(-18).
2
Let q(j) = 8*j - 73. Determine q(12).
23
Let o(i) = 3*i - 51. Give o(21).
12
Let p(r) = 16*r**3 + r**2 + 2*r + 1. Give p(-1).
-16
Let y(o) = -o + 35. Calculate y(16).
19
Let x(f) = f**3 - 5*f**2 - 12*f - 6. What is x(8)?
90
Let l(x) = -x**3 - 21*x**2 - 22*x - 17. Calculate l(-20).
23
Let h(r) = r + 2. Give h(-3).
-1
Let r(k) = -k**2 - 10*k + 6. Determine r(-12).
-18
Let x(o) = -2*o + 1. Calculate x(-12).
25
Let d(z) = 2*z**2 - 4*z - 1. Determine d(3).
5
Let x(y) = 6*y - 51. Calculate x(7).
-9
Let y(k) = k**2 + 6*k + 15. Give y(-5).
10
Let d(o) = 3*o**3 + 2*o - 2. Calculate d(1).
3
Let q(j) = 4*j + 53. What is q(12)?
101
Let r(a) = -26*a + 6. Calculate r(3).
-72
Let d(a) = 2*a**2 + 5*a + 2. Calculate d(-3).
5
Let u(m) = m**3 + 12*m**2 + 12*m + 14. What is u(-11)?
3
Let g(o) = o + 18. Give g(-15).
3
Let a(i) = i**3 + 10*i**2 + 14*i - 23. What is a(-8)?
-7
Let x(c) = -c**3 + 19*c**2 - 14*c - 40. Calculate x(18).
32
Let j(m) = -m - 12. Determine j(-17).
5
Let j(n) = 4*n**2 + 7*n + 9. Give j(-2).
11
Let d(x) = -2*x**2 + 15*x + 24. Give d(8).
16
Let c(f) = 4*f - 8. Calculate c(4).
8
Let y(c) = 4*c - 15. What is y(8)?
17
Let z(b) = 14*b + 210. Determine z(-16).
-14
Let v(l) = -l**2 - 22*l - 38. Determine v(-19).
19
Let x(p) = -5*p**3 - 2*p**2 - 7*p - 5. Give x(-1).
5
Let n(s) = -s + 16. Give n(6).
10
Let j(x) = 33*x + 2. Calculate j(-1).
-31
Let p(x) = -7*x**2 - 7*x - 4. Calculate p(-1).
-4
Let r(i) = i + 15. Give r(9).
24
Let h(